test common factor of 9990 and 1299070?
370
Calculate the highest common factor of 114089045 and 12180.
1015
Calculate the greatest common divisor of 180060 and 4980.
60
Calculate the greatest common divisor of 78392484 and 2736.
36
Calculate the highest common factor of 1198956 and 324.
12
What is the greatest common factor of 449829370 and 95?
95
Calculate the highest common divisor of 6222 and 70685031.
3111
What is the greatest common factor of 110 and 1066802?
22
What is the highest common divisor of 203729449 and 33?
11
Calculate the highest common factor of 270838 and 171578.
1418
What is the greatest common divisor of 147289102 and 76?
38
What is the greatest common factor of 76 and 1187443?
19
Calculate the highest common factor of 85 and 20697415.
85
Calculate the highest common factor of 11687 and 964743.
377
What is the highest common factor of 5110 and 1238153?
511
What is the highest common divisor of 2266 and 460306?
22
Calculate the greatest common divisor of 13081 and 206883.
127
What is the highest common divisor of 95361971 and 536?
67
What is the highest common divisor of 1244218932 and 4?
4
What is the greatest common factor of 136 and 2301409?
17
Calculate the highest common divisor of 242268 and 3484.
52
What is the greatest common divisor of 9466191 and 2418653?
4847
What is the greatest common divisor of 1495337 and 14?
1
What is the highest common divisor of 10741 and 497191?
23
Calculate the greatest common factor of 145 and 21680545.
145
Calculate the highest common factor of 212637643 and 1478.
739
Calculate the greatest common factor of 2702 and 1527763489.
1351
Calculate the greatest common divisor of 90480304 and 208.
16
Calculate the highest common divisor of 780 and 4533420.
60
Calculate the highest common factor of 91747 and 10856.
23
Calculate the highest common factor of 2373385 and 412585.
4085
What is the highest common factor of 2080 and 240788288?
416
What is the greatest common divisor of 91950887 and 1631?
1631
What is the greatest common factor of 22543164 and 504?
252
Calculate the highest common divisor of 188 and 119110267.
47
Calculate the highest common factor of 1288745 and 16415.
335
Calculate the highest common divisor of 1876017 and 8151.
429
Calculate the highest common divisor of 202688734 and 438.
146
What is the greatest common divisor of 15434653 and 1339?
1339
What is the highest common factor of 25675 and 1365325?
325
What is the greatest common factor of 212708 and 706512?
164
Calculate the highest common factor of 421 and 24329169.
421
Calculate the greatest common factor of 91742720 and 28.
4
Calculate the highest common divisor of 303108 and 33644.
52
Calculate the highest common divisor of 288 and 32979.
3
Calculate the greatest common factor of 1278290850 and 150.
150
What is the highest common divisor of 629597 and 19567?
1151
What is the highest common divisor of 115 and 100855?
115
Calculate the highest common divisor of 12683603 and 115.
23
What is the highest common divisor of 215005 and 4305?
35
What is the highest common factor of 15749625 and 375?
375
Calculate the greatest common factor of 850 and 14655530.
170
What is the highest common factor of 6623 and 24234631?
179
What is the highest common divisor of 4217200 and 29196?
3244
What is the greatest common factor of 1545 and 85176159?
309
What is the greatest common factor of 565467 and 6447?
21
What is the highest common factor of 54629760 and 6921?
2307
What is the greatest common factor of 151200 and 2244375?
4725
Calculate the greatest common factor of 2320 and 1627915.
145
Calculate the highest common divisor of 173677 and 215.
43
Calculate the greatest common divisor of 1155252 and 70992.
204
Calculate the highest common divisor of 1701 and 2699172.
63
What is the greatest common factor of 2171 and 29866447?
2171
What is the highest common divisor of 1134027 and 5533947?
2619
Calculate the greatest common factor of 5172134 and 156343.
2563
Calculate the highest common divisor of 248128689 and 177.
177
What is the highest common factor of 16752 and 2964406?
698
What is the greatest common factor of 1131817 and 31?
1
What is the highest common divisor of 213 and 54508972?
71
What is the highest common factor of 550278 and 18468?
342
Calculate the highest common divisor of 64824 and 1445775.
111
Calculate the highest common factor of 1143092972 and 28.
28
What is the greatest common factor of 29 and 459599?
1
Calculate the highest common factor of 34000 and 34510.
170
Calculate the greatest common divisor of 567489 and 1599.
39
What is the greatest common divisor of 7472538 and 99?
9
What is the greatest common factor of 30456 and 137240?
376
What is the greatest common divisor of 11914 and 50428558?
1702
Calculate the greatest common divisor of 452168 and 4369658.
3898
What is the greatest common divisor of 372 and 1595322?
186
What is the highest common factor of 12005823 and 6915?
1383
Calculate the greatest common divisor of 551 and 5372395.
29
Calculate the greatest common divisor of 167980 and 279461.
37
Calculate the highest common divisor of 114 and 41485968.
114
Calculate the highest common divisor of 40267 and 85961.
67
What is the highest common divisor of 2360383 and 7033?
541
What is the highest common factor of 44135 and 8785?
35
Calculate the greatest common factor of 90 and 23191695.
45
Calculate the greatest common divisor of 3235871 and 209.
19
Calculate the highest common divisor of 1114727910 and 969.
969
Calculate the highest common divisor of 24 and 86345598.
6
Calculate the greatest common divisor of 28 and 2074604.
28
Calculate the highest common factor of 11 and 1437986033.
11
Calculate the greatest common factor of 578210 and 64990.
670
What is the highest common divisor of 4508 and 526283884?
644
Calculate the highest common factor of 7404 and 128340936.
7404
What is the greatest common factor of 234 and 2997882?
18
What is the highest common divisor of 752 and 313232?
16
Calculate the highest common factor of 4077326 and 2442.
814
Calculate the greatest common factor of 20218804 and 1324.
1324
What is the highest common divisor of 82950 and 47425?
175
Calculate the greatest common factor of 3529860 and 65.
5
What is the highest common divisor of 15 and 9770375?
5
Calculate the greatest common factor of 3192 and 13890.
6
What is the greatest common factor of 2530 and 54208585?
115
What is the greatest common factor of 2607460 and 20570?
170
What is the highest common divisor of 196822863 and 4473?
639
Calculate the greatest common factor of 4861183 and 29.
29
Calculate the greatest common factor of 54412 and 3656754.
446
What is the highest common factor of 72 and 4851048?
24
Calculate the greatest common factor of 1827973 and 231469.
301
Calculate the greatest common factor of 517882 and 74.
2
What is the highest common factor of 115627690 and 30?
10
What is the greatest common divisor of 28977 and 537189?
2229
Calculate the highest common factor of 10 and 403521670.
10
What is the greatest common divisor of 196 and 25484998?
98
What is the greatest common divisor of 8010234 and 24075?
963
What is the highest common factor of 23521383 and 99?
9
What is the highest common divisor of 875 and 204938875?
125
What is the highest common factor of 2578958725 and 350?
175
Calculate the greatest common divisor of 368752 and 432.
16
What is the greatest common divisor of 27538 and 459716?
562
What is the highest common divisor of 1090396 and 275023?
101
Calculate the greatest common factor of 1696399 and 19280.
241
What is the highest common factor of 53413092 and 72?
36
What is the highest common divisor of 564141 and 11703?
141
Calculate the greatest common divisor of 40796 and 107260.
124
What is the greatest common divisor of 396 and 2834744?
44
Calculate the highest common divisor of 5424 and 5563216.
1808
Calculate the greatest common divisor of 20190 and 3468180.
30
What is the highest common factor of 2583 and 10557295?
287
Calculate the greatest common divisor of 100 and 7223066300.
100
Calculate the highest common factor of 208 and 128441872.
208
Calculate the highest common divisor of 403 and 27257815.
13
What is the greatest common factor of 105118 and 4297709?
4043
What is the hi